y y(m)?
1
Suppose -g + 5*q - 135 = 0, 2*q = 2*g + 3*q + 281. Let w = g + 377. Calculate the remainder when w is divided by 40.
37
Let h = 913 - -291. What is the remainder when h is divided by 67?
65
Suppose -3*l - 29 = 55. Let h = l + 56. Let x = h + -12. What is the remainder when x is divided by 10?
6
Let q = 41 - 29. Calculate the remainder when 34 is divided by q.
10
Let s be -5 - (31/(-1) + 4). Calculate the remainder when (1 - 0)*(-2 - -99) is divided by s - (1 - (-8)/(0 - 2)).
22
Suppose 16*i - 1344 = -5*i. What is the remainder when i is divided by 35?
29
Let u(y) be the second derivative of -y**4/12 - y**3 + y. Calculate the remainder when u(-5) is divided by 3.
2
Suppose 46*a - 41*a = 265. What is the remainder when 254 is divided by a?
42
What is the remainder when (7 + -1 + -3)/(6/80) is divided by 12?
4
Let h = -165 - -192. Calculate the remainder when 91 is divided by h.
10
Let t(d) = -d**3 + d**2 - 2*d - 2. Let u be t(-1). Calculate the remainder when 20 is divided by ((-5)/u)/((-25)/60).
2
Suppose 0 = -r + 5*r. Calculate the remainder when (-2 - r)/(2/(-25)) is divided by 15.
10
Let w(k) = 2*k - 3. Let h(p) = -p + 2. Let n(x) = 3*h(x) + 2*w(x). What is the remainder when n(7) is divided by 2?
1
Let z = 395 + -386. Calculate the remainder when 71 is divided by z.
8
Let o(j) = 7*j**2 - 4*j + 5. Let i be o(-4). Suppose 4*p + 35 = d, -3*d - p + i = p. What is the remainder when d is divided by 15?
13
Suppose 5*g + 4*k - 414 = 0, 0*g - 2*g + 180 = -2*k. What is the remainder when 330 is divided by g?
72
Let k(r) = -269*r + 34. Let f(j) = -90*j + 11. Let n(w) = -7*f(w) + 2*k(w). What is the remainder when n(1) is divided by 29?
25
Let u(q) = -41*q + 1. Let g be u(1). Let p be (-32)/g + (-33)/(-15). Suppose t + r + 11 = -p*r, 4*t = 3*r + 51. What is the remainder when t is divided by 3?
0
Suppose 0*q + 11 = 3*y + q, -5*q = 4*y. Suppose -5*u = -0*u - 10. Suppose -u*s = -y - 7. What is the remainder when 21 is divided by s?
3
Suppose 0 = -5*k - 4*w + 2136, 0 = -4*k + 5*w - w + 1680. Calculate the remainder when k is divided by 17.
16
Suppose -387 = -3*a - 3*y, -47*y + 685 = 5*a - 52*y. What is the remainder when 400 is divided by a?
1
Let n = -10 + 20. Suppose -4*i + t = 2*t - 49, i - n = 2*t. Suppose 0 = -14*d + 10*d + i. Calculate the remainder when d is divided by 2.
1
Suppose 4*y - 62 - 46 = 0. Let z = 79 - 64. What is the remainder when y is divided by (-4)/30 + 197/z + -3?
7
Let o = -96 + 154. Suppose -2*i = -2*h - 52, -3*i + 0*h = 2*h - o. Calculate the remainder when i is divided by 12.
10
Suppose -15 = -c - 2*c. Let u = c - -17. Let o(f) = -f**3 - 3*f**2 + 6*f + 14. Calculate the remainder when o(-6) is divided by u.
20
Let t(h) = -68*h**3 + 3*h**2 + h - 1. Let i be ((-9 - -4) + 4)*1. What is the remainder when t(i) is divided by 24?
21
Suppose 6*m - 3*m + 4*p = 106, -m + 48 = -5*p. What is the remainder when 417 is divided by m?
37
Suppose 6*d - 44 = 538. Let j be ((-2)/3)/(4/(-6)). Let r(h) = 25*h**2. What is the remainder when d is divided by r(j)?
22
Suppose -5*q = 3*o + 63, 2*o = 2*q - 4*q - 22. Let c(a) = -a**3 - 15*a**2 - 3*a - 31. Calculate the remainder when c(q) is divided by 8.
6
Let p(f) = f**2 + 2*f - 50. What is the remainder when p(7) is divided by 9?
4
Suppose -41 = -4*n + 5*o, -2 = -2*n + 2*o + 16. Suppose -3*x + 2 = -n. Suppose 0 = -2*r + 2 + 2. What is the remainder when x is divided by r?
0
Suppose 7 = k - 4. Suppose -7*y - 44 = -k*y. Let s = -91 + 131. What is the remainder when s is divided by y?
7
Suppose 0 = -31*v + 13*v + 1170. What is the remainder when v is divided by 19?
8
Let i = -407 - -984. Calculate the remainder when i is divided by 34.
33
Suppose 2*w + 0*k = 2*k + 80, 161 = 4*w - 5*k. What is the remainder when w is divided by 11?
6
Suppose -5*j + 7503 = 4*v + 3078, -2*v - 10 = 0. What is the remainder when j is divided by 81?
79
Suppose 3*m - 10*m = -m. Suppose 4*z + 0*d - 3*d - 42 = m, 0 = z - 5*d - 2. What is the remainder when z is divided by 8?
4
Suppose -3*r + 5*q + 688 = 0, 5*r - 793 - 343 = 3*q. What is the remainder when r is divided by 120?
106
Let g(n) = -4*n**3 - n**2 + 5*n + 2. Calculate the remainder when ((-456)/(-20))/(2 - 8/5) is divided by g(-2).
17
Let d = 58 + -18. Calculate the remainder when d is divided by 18.
4
Calculate the remainder when (-2 - 56/(-24))/((-1)/(-330)) is divided by 36.
2
Let k(t) = 4*t + 13. Suppose 7*p = 9*p - 4. Suppose 0 = -0*u + p*u - 18. What is the remainder when k(u) is divided by 17?
15
Suppose -681 = -b + 4*b. Suppose -2*g + 8 + 44 = 3*v, 2*g = -v + 20. What is the remainder when (-4)/10 + b/(-5) is divided by v?
13
Suppose -27*b + 286 - 16 = 0. Let q be 3/((2/(-48))/(-1)). Suppose 0 = 5*r - 4*y - 169, -5*y - 19 = -3*r + q. What is the remainder when r is divided by b?
7
Let x be (-6)/(-2) + -6 + -5. Let j = x + 6. What is the remainder when 9 is divided by (-42)/(-12) + j/4?
0
Suppose 3*v = -3*l + 48, -5*v + 114 = -l + 4. Let q = -13 + v. Calculate the remainder when (-3)/(-6) + 150/12 is divided by q.
5
Suppose w - 3*l + l = 14, 15 = 5*w + l. Suppose 10 + 6 = w*z. What is the remainder when 7 is divided by z?
3
Let o = -571 + 582. What is the remainder when 53 is divided by o?
9
Suppose -5*g + 4*l = -126, 2*l + 16 - 8 = 0. Suppose -3*f = -f - 26. What is the remainder when g is divided by f?
9
Suppose -5*u - 29 = 6. Let r(c) = c**2 + c - 4 + 6*c - 3*c. Calculate the remainder when r(u) is divided by 10.
7
Let q(j) = j**3 - 2*j**2 - 2*j - 6. Let c = 44 - 39. Calculate the remainder when q(c) is divided by 12.
11
Let r(i) = i**2 + 9*i + 197. Calculate the remainder when r(-30) is divided by 36.
35
Let r = -215 - -458. What is the remainder when r is divided by 49?
47
Let u(m) = 111*m - 1. Let r be u(1). Suppose 0 = 6*t - r - 52. What is the remainder when 105 is divided by t?
24
Let r be (63/(-42))/((-3)/8). Suppose r*t + 32 = 2*u, -u = -2*u + t + 14. Calculate the remainder when 32 is divided by u.
8
Let u = 89 - 25. Let x be (111/(-2))/((-48)/u). Suppose 0 = 4*p - x + 26. Calculate the remainder when p is divided by 7.
5
Suppose -y = 3*c - 49, -4*c + 3*y + 72 = y. What is the remainder when c is divided by 6?
5
Let o(v) = v**2 - 4*v + 2. Let a be o(4). Suppose 2*f + 7 = -3, -5*x + a*f + 160 = 0. Let m = x + -13. Calculate the remainder when 50 is divided by m.
16
Let k = -2 - 0. What is the remainder when 28 is divided by k/1 - 0 - -17?
13
Let g(p) = p**3 + 7*p**2 - 3*p - 10. What is the remainder when g(-4) is divided by 18?
14
Suppose -12*y + 14*y + 2*l - 110 = 0, 12 = -4*l. Calculate the remainder when y is divided by 20.
18
Suppose -36*a = -10*a - 3016. Calculate the remainder when 221 is divided by a.
105
Let u be (-180)/27*(-42)/4. Calculate the remainder when 23 is divided by (1/(-3) - u/(-30)) + 12.
9
What is the remainder when (-18542)/(-12) - 745/(-894) is divided by 12?
10
Suppose 4*k - k + 3*s - 153 = 0, 0 = 5*k - 3*s - 231. What is the remainder when 149 is divided by k?
5
Let c(o) = o**3 - 5*o**2 - 15*o + 14. Calculate the remainder when 85 is divided by c(7).
1
Let a(z) be the first derivative of z**2/2 + 2*z + 3. What is the remainder when (-4 - (-1700)/36) + 2/(-9) is divided by a(9)?
10
Suppose 0 = -4*k - 8*k + 420. What is the remainder when k is divided by (18/(-4))/((-3)/6)?
8
Suppose 2 + 86 = 11*z. Let f(u) = u**2 + 2*u + 2. Let s be 1/2*-2*3. What is the remainder when z is divided by f(s)?
3
Let g = -5608 - -5620. Let p = -68 + 100. Calculate the remainder when p is divided by g.
8
Let t be 4 + -5 + (-1 - -5). Suppose 0*o = 3*j - 4*o + 8, 0 = 5*j - t*o - 5. Calculate the remainder when j is divided by 3.
1
Let l = 48 - 36. Suppose -9*z + l*z = 78. Suppose 4 = 3*k - z. Calculate the remainder when 17 is divided by k.
7
Suppose -250 = -3*o + 479. Calculate the remainder when o is divided by 31.
26
Let k = 88 - 150. Let l = k - -44. Let z = l + 25. What is the remainder when 25 is divided by z?
4
Let r = -4 - -10. Calculate the remainder when 55 is divided by r.
1
Suppose 3*p - 4 = h, 3*p + 3*h = -p - 12. Suppose 2*j + 14 = -5*l - p*j, 0 = 5*l + j + 12. Let u = l - -15. Calculate the remainder when 51 is divided by u.
12
Suppose -9*i = -6*i. Suppose 5 = w - i*w. Let g = -4 + w. Calculate the remainder when 3 is divi